 2*g - f = 0. Suppose -6*m + 3*m = -u. List the prime factors of m.
2
Let d be 3 - 1/(4 + -3). Suppose q - 4 = -d. Let c = 11 - q. What are the prime factors of c?
3
Let s(o) = -21*o**2 - o + 4. Let r be s(-2). Let f = -41 - r. What are the prime factors of f?
37
Suppose -2*t + o - 3*o = -560, -825 = -3*t + 2*o. List the prime factors of t.
277
Let o(n) = n + 1. Let g be o(4). Suppose -24 = -4*i - 3*c - 2, 0 = -g*i - 4*c + 28. Suppose 3*a - i*a = -9. What are the prime factors of a?
3
Suppose -99 = -2*g - 3*y, -2*g - y + 101 = 4*y. List the prime factors of g.
2, 3
Let f(o) = -o**2 - 5*o - 1. Let w(v) = -5*v**2 - 19*v - 5. Let m(a) = -9*f(a) + 2*w(a). What are the prime factors of m(5)?
3
List the prime factors of (1 - 1*-1) + 24 + 48.
2, 37
Let m = -23 - -62. What are the prime factors of m?
3, 13
Let z = 6 - 6. Suppose 9 = -4*y - 15. List the prime factors of (-9)/y*8 - z.
2, 3
Let x be (-12)/8*8/6. Let z(c) = 0*c + 3*c**2 + 133 + 0*c - 135. What are the prime factors of z(x)?
2, 5
Suppose -4*d + 269 = z, 2*z = -2*d + 4*d - 132. List the prime factors of d.
67
Let x(g) = g**3 + 4*g**2 + g - 2. Suppose 0 = -3*u + 5*m + 11, 2*u + m - 2*m = -2. Let b be x(u). List the prime factors of 364/35 - b/10.
2, 5
Let r = -7 - -18. What are the prime factors of (-10 + r)/((-2)/(-30))?
3, 5
Suppose 0 = 4*g - 5*g. List the prime factors of -2 - (g - 2) - -2.
2
Let x be (-6)/4*24/(-9). Suppose 2*l = 6, x*k - 7*l - 153 = -2*l. What are the prime factors of k?
2, 3, 7
Suppose 2*o = -3*o - 30. Let f = o + 20. What are the prime factors of f?
2, 7
Let r = -9 - -18. Let n = r - -4. List the prime factors of n.
13
Suppose 9 = 3*q - 0. Suppose 5*v - 23 = -q. Suppose -2*r + v*p + 28 = -p, -4*r - 5*p - 4 = 0. List the prime factors of r.
2
Let m be 0/(2 + -3 + -2). Suppose 3*h = -i - i + 19, 3*h - i - 22 = m. What are the prime factors of h?
7
Let r(u) = -u**2 + 13*u + 20. Let t be r(14). Let o be (30/4)/((-2)/(-4)). Suppose -s + t*s = o. What are the prime factors of s?
3
List the prime factors of ((-2)/6)/((-3)/1539*3).
3, 19
Let j be (-1 - -2) + 12*4. Let b = j - 24. List the prime factors of b.
5
Suppose -3*a + 131 + 109 = 0. List the prime factors of a.
2, 5
Let r(a) = -a**3 + 9*a**2 - 8*a - 4. List the prime factors of r(7).
2, 19
Let u(v) = 2*v**3 - 4*v**2 + 3*v - 2. Let l be u(2). Suppose 2 = -d, l*g - 2*g = 3*d + 26. What are the prime factors of g?
2, 5
Let n(v) = -2*v + 9*v**3 - 27*v**3 + v + 2*v**2. Let q be n(1). Let a = -5 - q. What are the prime factors of a?
2, 3
Let a(g) be the first derivative of -5*g**2 - 2*g + 1. Let o be a(-3). Suppose -4 + o = 4*n. List the prime factors of n.
2, 3
Suppose -2*p + 10 = -a, 0*a - 2 = -a - p. Let y be a*(1 - (-3)/6). What are the prime factors of y/(-1 - -4) + 12?
11
Suppose 2 = 2*d, 4*q = -q - d - 89. Let a = q + 33. What are the prime factors of a?
3, 5
Let l(t) = -t + 4. Let i be l(-10). Let x = -11 + i. List the prime factors of x.
3
Let h = 67 + 36. What are the prime factors of h?
103
Let b be (0/6)/(2*-1). Suppose b = 5*g + 40. Let a(f) = -f**2 - 8*f + 6. What are the prime factors of a(g)?
2, 3
Let u be (3 + -4)/(3/(-12)). Suppose -3*g + f = -17, g = -u*g + 3*f + 23. Suppose -4*y + 2*z - 4 = g*z, -3*y + 32 = -5*z. List the prime factors of y.
2
Suppose 4*g - 80 = -3*h, -68 = -3*g - 2*h - 7. What are the prime factors of g?
23
Let w(g) = -7*g - 4. Suppose -5*v + 105 = 5*p, 11 = -0*v + v - p. Let b(k) = 22*k + 12. Let d(s) = v*w(s) + 5*b(s). List the prime factors of d(-5).
2, 3
Let z be (3/(-3) + 0)*-59. Let q = z - 35. Suppose f - q = -f. What are the prime factors of f?
2, 3
Let n = -9 - -13. Suppose -2*z = -n*a - 14, -4*a + 8 = 5*z - 69. List the prime factors of z.
13
What are the prime factors of 3/((-9)/(-60)) - 1?
19
Let k = 58 - 26. What are the prime factors of k?
2
Suppose 0 = -p - 5*h + 69, -2*p - 4*h = -0*p - 144. What are the prime factors of p?
2, 37
Let z(d) = 5*d - 1. Let u be z(1). Suppose -6*r + 300 = -2*r. Suppose 0 = -u*g + r - 15. List the prime factors of g.
3, 5
Let h = -5 + 7. Suppose -50 = -h*s - 16. What are the prime factors of s?
17
List the prime factors of (-3 + 4/4)*170/(-4).
5, 17
Suppose -2*w + 10 = -16. Suppose -7 = -2*t + w. What are the prime factors of (t/(-6))/((-2)/6)?
5
Let s = 30 + -18. Let y = s + -2. What are the prime factors of y?
2, 5
Let a(k) = k**2 - 41*k + 35. Let y(z) = -4*z + 7. Let b(r) = 3*r - 7. Let h(n) = -4*b(n) - 5*y(n). Let w(u) = 2*a(u) + 11*h(u). List the prime factors of w(-5).
13
Let z = 76 - 141. Let d = z + 91. List the prime factors of d.
2, 13
Let u(d) = -d. Let s be (-2)/(2 - (0 + 1)). List the prime factors of u(s).
2
Let k(x) = -18*x**3 - 2*x**2 + 1. Let j be k(-1). Let l = j + -2. Suppose 5*o = l, -2*m - 2*o + 11 = -7*o. List the prime factors of m.
13
What are the prime factors of 10/(4/64*4)?
2, 5
Let m = 2 + 1. Suppose 2*c - m = -7. What are the prime factors of 5/3*(-6)/c?
5
Suppose 3*v - 27 = -3*o, 2*o - 4*v = -3*o + 9. List the prime factors of 21/o + (-1)/5.
2
Suppose -29 + 99 = 2*y. What are the prime factors of y?
5, 7
Let m = 10 - 5. List the prime factors of ((-14)/7)/((-2)/m).
5
Suppose -2*p + 5 = -3. List the prime factors of p.
2
Let x(h) = 26*h - 9. List the prime factors of x(4).
5, 19
Suppose 2*d - 2*w + 0*w = 20, -3*d - w + 14 = 0. Suppose -2*c - c = -d. What are the prime factors of c?
2
Let x be (-5)/(-2) - 2/4. Let f = x - -2. What are the prime factors of f?
2
Let k = 69 + -24. What are the prime factors of k?
3, 5
Let u = 10 + -7. Let c be -2*(2 - u) - 2. Suppose c*p - 2*p = -24. List the prime factors of p.
2, 3
Let y = -4 - -9. Suppose -y*j - 10 = 0, 3*w + 1 - 2 = 5*j. Let l(n) = -3*n + 1. List the prime factors of l(w).
2, 5
Let q be 2/8 + 5/(-20). Suppose 3*l - 5*l + 2 = q. List the prime factors of l + 14 + 0/2.
3, 5
Suppose 4*i + 6 + 2 = 0. Let d = 91 - 91. Let w = d - i. What are the prime factors of w?
2
Suppose -3*k + 9 + 18 = 0. Let n = 22 - k. List the prime factors of n.
13
Let p = 1 - -2. List the prime factors of (1/p)/((-1)/(-27)).
3
Suppose 5 = -5*k + 5*r - 0*r, 2*k - 28 = -4*r. Suppose 3*d = 5*d - 4*l - 2, 0 = -k*l + 8. Suppose -2*a + d = 1. List the prime factors of a.
2
Let k = 5 - 4. Suppose -x + 11 = 3*l, -k = 2*l - 4*x + 1. What are the prime factors of l?
3
Let g(v) = -v + 2. Let r be g(0). Suppose r*f - f = 4. What are the prime factors of f?
2
Suppose -m - 3 = 0, -4*d - 2*m + 61 = -m. Let x(t) = 12*t**2 + 3*t + 2. Let f be x(-2). Suppose -4*q + f = d. List the prime factors of q.
7
Suppose 3*v + 0 = 3. Suppose v = 4*c + 13. List the prime factors of ((2 - 68)/c)/2.
11
Let u(i) be the first derivative of i**3/3 + 3*i**2 + 3*i + 3. Let x be u(-7). Suppose -3*o - 11 = -n, 45 = 5*n - 2*o - x. What are the prime factors of n?
11
Let g(h) = 3*h**3 + 4*h**2 + 2 - 4*h**3 + h + h. Suppose -4*c + 2*c = 4*m + 10, m - 8 = -4*c. List the prime factors of g(c).
17
Let c(x) = -8 - 12*x + 2*x**2 - 9 - 3*x**2 + 5. Let w be -9 - (2 + 0 - 1). List the prime factors of c(w).
2
Let k(w) = w**3 - 9*w**2 + 4*w - 3. What are the prime factors of k(9)?
3, 11
Let g(x) = 5*x - 5. Let n be g(2). Let q be -1 + -1 + 1*34. Suppose -s - q = -n*s. List the prime factors of s.
2
Suppose 2*u + 0*u = -2*t + 108, 4*u + 3*t = 219. What are the prime factors of u?
3, 19
Let r = -5 + 9. Let n(p) = -p**2 + 4*p - 3. Let z be n(r). What are the prime factors of 10 + (2 - 3 - z)?
2, 3
Suppose -154 = -3*j - 4*a, 2*j + 3*a = 49 + 54. List the prime factors of j.
2, 5
Suppose 0 = 5*a - 0 - 20. Let d be 15/a + 12/(-16). Let s(w) = 3*w - 4. What are the prime factors of s(d)?
5
Let q(u) = -4*u**2 - 3*u - 2. Let c be q(-2). What are the prime factors of ((-20)/6)/(8/c)?
5
Suppose 9*k = 10*k - 9. List the prime factors of (-122)/(-3) + (-6)/k.
2, 5
Let u = 27 - 17. Suppose u = i - 0. What are the prime factors of i?
2, 5
Suppose 4*s - 44 = -0. Let x = -8 + s. Suppose -y = -3*k - 0*y + 38, 2*y = -x*k + 23. List the prime factors of k.
11
Suppose 2*p = -p. Suppose -k + 12 = -p*k. Suppose -3*o - o + k = 0. List the prime factors of o.
3
Let s(i) = -24*i - 4. List the prime factors of s(-7).
2, 41
Let i = 28 - 14. What are the prime factors of (2 + i/(-6))*-66?
2, 11
Let w(r) = r**3 - 4*r**2 - 7*r + 4. Let k be w(5). Let v be 2/k - (-1)/3. 